 What is the highest common factor of 52 and q?
13
Let n(q) = -q**2 - q + 6. Let f = 3 - 8. Let l be n(f). Let m = 26 + l. Calculate the highest common divisor of m and 84.
12
Suppose -13 = -n + 9. Let v = n + -21. Let r = 10 - 3. Calculate the highest common factor of r and v.
1
Let j be ((-66)/18)/((-1)/27). What is the highest common factor of j and 11?
11
Suppose 0*k = n - 4*k - 22, -4*k = -4*n + 40. What is the highest common factor of 66 and n?
6
Let w(v) = -1 + 3 - 9 + v. Let q be w(7). Suppose q = 5*o - 31 - 39. Calculate the highest common factor of o and 7.
7
Suppose u = -3 + 18. Let m be (u/(-12))/((-1)/8). Calculate the highest common divisor of 10 and m.
10
Let k be (-5 + 18)/(1/2). Calculate the highest common factor of 104 and k.
26
Let n(o) be the first derivative of o**2/2 + 9*o - 3. Let r be n(-8). Calculate the greatest common divisor of 7 and r.
1
Let j = 6 + 1. What is the greatest common divisor of 7 and j?
7
Let c(v) = -v**3 - 10*v**2 + 9*v - 14. Let r be c(-11). Let q be (-4)/r + 379/2. Calculate the highest common divisor of 21 and q.
21
Suppose -3*r = -8*r + 360. What is the greatest common divisor of r and 8?
8
Let i(d) = d - 8. Let l(a) = a - 8. Let v(t) = 3*i(t) - 4*l(t). Let z be v(-7). What is the greatest common factor of 60 and z?
15
Let o(x) = x**3 + x**2 + 13. Let r be o(0). Let g be 1626/18 - 2/(-3). Calculate the highest common divisor of g and r.
13
Suppose 8*l = 10*l - 306. Let c be 1/4 - 94/(-8). Suppose 3*q - l = c. Calculate the greatest common factor of 11 and q.
11
Let s be (-340)/(-6) - 4/6. Suppose s = 2*g - 98. Let y = 89 - 78. Calculate the highest common factor of g and y.
11
Let a(g) = -2*g**3 + 2*g**2 + 7*g + 4. Let j be a(-3). What is the highest common factor of j and 22?
11
Suppose 5*d + 5 = 75. Let v be (-7)/28 + (-562)/(-8). What is the greatest common factor of v and d?
14
Let z be (8/4)/((-2)/(-128)). What is the highest common divisor of z and 16?
16
Suppose -2*g + 44 = 2*g. Let w = g + -7. Let t = w + 6. Calculate the greatest common divisor of 80 and t.
10
Let f be ((-18)/54)/((-2)/114). What is the greatest common divisor of f and 38?
19
Let x be 2/((-2)/(-3)) + -2. Let y(g) = -g + 2. Let n be y(5). Let a = n - -12. What is the greatest common factor of a and x?
1
Let r = -62 + 113. Let w be 21 + -2 + -2 + 0. What is the greatest common factor of w and r?
17
Let w(p) = 2*p**2 - 7*p. Let q be w(9). Let j = q + -54. What is the highest common factor of j and 5?
5
Suppose f - 2*f = -4. What is the highest common divisor of 16 and f?
4
Let j = 12 + 12. Let m = 347 - 155. Calculate the highest common factor of m and j.
24
Let s(u) = -u**2 + 23*u - 40. Let p be s(15). Calculate the highest common divisor of p and 16.
16
Let g be (-10)/(0 + (-4)/6). Let s = 188 + -113. What is the greatest common divisor of s and g?
15
Let l = 0 - -5. Suppose l*q - 81 = q + s, 3*q + s = 52. What is the highest common divisor of q and 57?
19
Let k = -2 + 12. Suppose 3*x = a + 2, k*a - 2*x = 5*a - 36. Let d(g) = -g + 4. Let o be d(a). What is the highest common factor of 108 and o?
12
Let i(b) = -5*b + 17. Let j be i(3). What is the greatest common divisor of 22 and j?
2
Let o = 4 + -6. Let a = 28 + o. Let x = -13 + a. What is the highest common factor of 117 and x?
13
Let d(h) = 2*h**2 + 1. Let r be d(-1). Let o be 8*-14*r/(-3). Let x(k) = -k**3 + 6*k**2 + 3*k - 4. Let l be x(6). What is the highest common factor of o and l?
14
Let u(h) = -h - 5. Let m be u(-6). Suppose -7 = -4*k + m. Calculate the highest common divisor of 1 and k.
1
Let r = -44 - -51. What is the greatest common divisor of 21 and r?
7
Let q = 6 + -12. Let k be 3/q*-4 - -12. Calculate the greatest common factor of k and 154.
14
Suppose -27*u = -23*u - 740. Calculate the greatest common divisor of u and 74.
37
Let k(a) = 2*a + 41. Let d be k(-16). Calculate the greatest common factor of 12 and d.
3
Let q(g) = -9*g**3 - 2*g**2 + 1. Suppose -7 = 3*i - 4. Let a be q(i). Let z be (-172)/(-6) - a/12. Calculate the greatest common factor of z and 70.
14
Suppose 3*h + 145 = 5*d, 3*d + 2*d = 2*h + 150. What is the highest common divisor of d and 32?
32
Let v = -7 + 22. What is the greatest common factor of v and 6?
3
Let s(v) = -v**2 + 13*v - 1. Let p be s(12). What is the greatest common divisor of p and 55?
11
Let a = 56 - 47. Calculate the greatest common factor of 207 and a.
9
Suppose -4*g = -w - 6, -w + 0*w = -g. Suppose g*y + 224 = 4*y. Calculate the greatest common divisor of y and 14.
14
Suppose 0 = j - 2*j + 5. Suppose 3*a - 2 = 4. Suppose -5*x = -j*r + 425, -3*x = -3*r - a*x + 265. What is the greatest common divisor of r and 36?
18
Let y = 58 - 22. What is the highest common factor of 4 and y?
4
Suppose -5*l + 15 = 0, -38 = -2*h + 2*l + 14. Let c = h - 18. What is the highest common factor of 1 and c?
1
Suppose 0 = 5*g - 9 + 4, 4*g + 5 = b. What is the greatest common factor of b and 15?
3
Let m be ((-2)/1)/(10/(-15)). What is the highest common factor of m and 21?
3
Let r be (30/4 - 0)*10. Suppose 210 = 6*p + p. What is the highest common factor of p and r?
15
Let r be ((-3)/1)/((-3)/2). Suppose 4*i - 3*i - 3 = 0. Suppose r*v - i*v + 6 = 0. Calculate the highest common factor of v and 42.
6
Let o be ((4 - 4) + -13)/((-2)/12). What is the highest common factor of 26 and o?
26
Let t = -33 - -42. Calculate the highest common divisor of t and 27.
9
Let c(i) = 17*i**2 + i. Let z be c(-1). Let d = -77 + 221. Calculate the greatest common factor of d and z.
16
Suppose b - 2*b = -11. Suppose -1 = -s + 3*h, 0 = 4*s - 2*h - 4. Calculate the greatest common divisor of s and b.
1
Let p(y) = y**2 - 5*y - 15. Let x be p(9). Let r be 26/4 + (-1)/(-2). Calculate the highest common factor of r and x.
7
Let w(j) = -j**3 - 12*j**2 + 13*j + 2. Let p be w(-13). Suppose 20 + 18 = p*y. Calculate the highest common factor of 19 and y.
19
Suppose -t - s = -30, -t - 3*s + 29 + 7 = 0. What is the greatest common divisor of 45 and t?
9
Let o = 6 - 8. Let f = o + 7. Calculate the highest common divisor of f and 45.
5
Suppose -22 = 150*l - 152*l. What is the greatest common divisor of l and 33?
11
Let u = -21 - -24. Suppose -43 = -2*k + 5*t, -k + 4*t + 5 = -24. What is the greatest common divisor of u and k?
3
Suppose -3*x - 4 + 19 = 0. What is the greatest common factor of x and 55?
5
Let j = 22 + -8. Calculate the highest common divisor of 14 and j.
14
Let y be (0 - 3)/(-3) + 54. Let w(n) = 5*n**2 + n. Let i be w(2). What is the greatest common factor of y and i?
11
Suppose 8 - 14 = -2*d. What is the greatest common factor of 1 and d?
1
Let a be (168/48)/((-1)/(-2)). Suppose 6 = 2*r - 22. What is the highest common divisor of r and a?
7
Suppose 3*q - 43 - 2 = 0. Suppose -5*b + q = 0, 5*s - 157 = 3*s + b. Calculate the greatest common factor of 10 and s.
10
Suppose 27 = 4*j - 1. Suppose 25 = 5*h, 4*s - 3*s + h = j. Let v be (6/(-2))/(s - 3). Calculate the highest common factor of 12 and v.
3
Let r = -309 + 319. Let v be (-2)/(-2) + 2 + -1. What is the highest common factor of v and r?
2
Suppose -3*r - 19 = -5*n, -3*r - 3 = 2*n + n. Let v = n + 17. Calculate the highest common factor of v and 152.
19
Suppose 4*x - 419 + 55 = 0. What is the greatest common divisor of x and 13?
13
Let w be 658/112 + 1/8. Suppose 5*i - 35 = 35. Suppose i = 5*b - 6. What is the highest common factor of w and b?
2
Suppose -6*u = -7*u + 24. What is the highest common factor of u and 60?
12
Let u(h) = -h**3 - 5*h**2 - h - 5. Let t be u(-5). Let y be t + 1 + 3*-1. Let l be (1/y)/((-5)/240). Calculate the greatest common factor of l and 16.
8
Let v(s) = -s**2 + 10*s - 6. Let q be v(8). Calculate the highest common divisor of q and 8.
2
Let p be 9/((-36)/(-16)) + 4. Calculate the greatest common divisor of p and 1.
1
Let u = -6 + 12. Let s be ((-3)/u)/(1/12). Let b be 2 - (s/3 - 80). What is the greatest common factor of b and 12?
12
Suppose 0 = 5*x + 2*y - 10, -3*x - 3*y + 10 = 2*x. Suppose -x*c + 6*c = 76. Calculate the greatest common factor of 152 and c.
19
Let x(k) = 21*k + 2. Let q be x(3). What is the greatest common divisor of q and 26?
13
Suppose -3*d = -x - 57, -5*d + 94 - 13 = 3*x. Calculate the greatest common factor of d and 12.
6
Let o be (-2)/8 + (-265)/(-4). Calculate the